d by 19?
15
Suppose -3*h + 207 = -s, -302 = -5*h + 4*s + 36. What is the remainder when 7418 is divided by h?
68
Let n(g) = 3*g**2 - 5*g - 7. Let x = 284 + -279. Calculate the remainder when 51 is divided by n(x).
8
Let m be (-201)/(-30) - (-6)/20. Suppose 33*y - 5096 = m*y. Calculate the remainder when y is divided by 50.
46
Let a(g) = g**3 + 34*g**2 + 28*g - 157. Let h be a(-33). Let r = h + 22. What is the remainder when 88 is divided by r?
28
Let x(f) = 4*f**2 + 12*f - 10. Let b be x(-7). Suppose -3*h = -9*h + b. Calculate the remainder when h is divided by -4*2/(-4) + 8.
7
Let x = -234 + 195. Let k = -16 - x. Calculate the remainder when k is divided by 5.
3
Suppose -1477 - 2507 = -12*p. Let f = p - 214. Calculate the remainder when f is divided by 12.
10
Let t(a) = a**2 + 4*a - 5. Let h be t(-4). Let z = h + 19. What is the remainder when ((-46)/12)/((-577)/3462) is divided by z?
9
Let a(p) = p**2 + 9*p - 13. Suppose -3*z = 20 - 2. Let q be a(z). Let j = q + 44. What is the remainder when 76 is divided by j?
11
Suppose -4*q - a = 13, -q + 25*a - 2 = 24*a. Suppose 500 = -9*x + 13*x. What is the remainder when x is divided by (0 + 2 - -33) + q?
29
Suppose -10 = 5*d, -2*a = -a + 3*d - 26. Let n = 34 - a. Suppose 92 - 122 = -n*p. What is the remainder when 43 is divided by p?
13
Suppose h - 5*w - 161 = 0, 24*h + 3*w - 393 = 21*h. What is the remainder when 673 is divided by h?
129
Suppose 0 = -3434*z + 3484*z - 4150. What is the remainder when 510 is divided by z?
12
Suppose 2*w - 10 = 0, -3*y = 3*w + w - 8. What is the remainder when (1/2)/((-31)/(-3782)) is divided by y + 1 + -2 + 37?
29
Suppose 2*c + 3*a = 39, -42*a - 33 = -4*c - 39*a. Calculate the remainder when 141 is divided by c.
9
Let k(h) = -h**2 + 19*h - 78. Let b be k(11). What is the remainder when 2*(-4)/6*(-3345)/b is divided by 56?
54
Suppose 4*r - 643 = 33. Let n = 299 - r. Suppose -3*j - 27 = -l, -2*l - j = -6*l + n. What is the remainder when l is divided by 9?
6
Let k be (2 + 2 - 1) + -2. Suppose 53*x + 820 - 3417 = 0. What is the remainder when x is divided by 14*3/(k + 2)?
7
Let n(r) = -3591*r**3 - 5*r**2 + 6. What is the remainder when n(-1) is divided by 1796?
0
Suppose 2*v + 3*q + 1974 = 0, -q = -v - 6*q - 987. Let f = -936 - v. Let o(y) = y**2 + 2*y. What is the remainder when f is divided by o(-5)?
6
Calculate the remainder when 1213 is divided by 1/(-22) - (-1236)/88.
9
Suppose 0 = 6*c - 59 - 79. Suppose 16*s = c*s - 686. Calculate the remainder when s is divided by 34.
30
Let n(z) = -6*z + 14. Let o be n(2). Suppose 0*v + w = o*v - 9, -2*w = 4*v - 30. What is the remainder when 23 is divided by v?
5
Suppose -b + 21 = 3*a, 27 = 3*a - 0*a + 3*b. Suppose 2*z - 3431 + 525 = 3*y, z = 4*y + 3873. What is the remainder when y/(-64) + 2/(-16) is divided by a?
3
Let z = -728 - -726. Let g(a) = -14*a**3 - a**2 + 4. What is the remainder when g(z) is divided by 57?
55
Suppose -3*u - 2*s + 442 = 0, 747 = 5*u - 2*s + 37. Suppose -4*w = -3*c - 209, 3*w - 163*c + 167*c - 163 = 0. What is the remainder when u is divided by w?
38
Calculate the remainder when 344 is divided by ((-13760)/(-240)*(-2)/(-4))/(2/21).
43
Let q(s) = 3*s**3 - 41*s**2 - 59*s + 27. Calculate the remainder when 8985 is divided by q(15).
39
What is the remainder when 185 is divided by (3 - 492/20)/(48/(-120))?
23
Let a = -147 - -152. Suppose m + 4 = 0, 4*n - a - 7 = m. Calculate the remainder when 5 is divided by n.
1
Suppose -r + 5*s = -0*r + 8, 0 = -s + 2. What is the remainder when 890/55 - r/11 is divided by 1/3 - (-17)/3?
4
What is the remainder when 820 is divided by (-35853)/(-136) - (-15)/(-24)?
31
Let p(v) = 3*v**3 - 39*v**2 - 2*v + 19. Let l be p(13). Let u(b) = 2*b + 29. Calculate the remainder when u(l) is divided by 14.
1
Let r = -2854 - -2897. Calculate the remainder when 83 is divided by r.
40
Let f(x) = 16*x**2 - 5*x + 7. Calculate the remainder when 40 is divided by f(1).
4
Calculate the remainder when 167 is divided by 17 + 214/(-12) - 466/(-12).
15
Suppose -2*w + 2*a + 2*a - 28 = 0, 15 = -5*a. Let q = w - 11. Let p = -10 - q. What is the remainder when 37 is divided by p?
16
Suppose -37 + 17 = -4*g. Suppose 102 = 2*o + 19*m - 21*m, 0 = g*o + 2*m - 290. Calculate the remainder when o is divided by 3.
2
Let b be (-10)/5 + 1 + 3. Suppose -c + 5*r = 16, b*r + r - 32 = -5*c. Suppose 3*a + 21 = 10*a. Calculate the remainder when c is divided by a.
1
Suppose -4*f + 35 + 70 = -5*y, 4*y + 29 = f. Calculate the remainder when 74 is divided by f.
24
Let a(v) = 420*v**3 - v**2 - v + 1. Let o be a(1). Suppose -14*p + 2057 = o. Calculate the remainder when p is divided by 20.
17
Let c = 25 - 22. Let p(m) = -2788*m**c - 2*m**2 + 2815*m**3 + 3*m**2 - 1. Calculate the remainder when 99 is divided by p(1).
18
Suppose -4*u + 10 = x, 3*x - 2*x + 2 = 0. Suppose 14 = u*n - 1. Suppose -n = -l + b + 60, -3*b + 3 = 0. What is the remainder when l is divided by 23?
20
Suppose -a + 27 = 24. What is the remainder when ((-17)/51)/(1/a) + 61 is divided by 22?
16
Let i be (0 + 2)/(2/(-4)). What is the remainder when ((-18)/i + -4)*132 is divided by (0/4 - 14)/(-1)?
10
Suppose 0 = 3*w + 2*w - 1860. Suppose -v = -5*v + w. Let r = v + -53. What is the remainder when r is divided by 7?
5
Let b be ((-5 - -5) + -1)*-128. Let g = 133 - b. Suppose 2*i = 6*i - 8. What is the remainder when g is divided by i?
1
Calculate the remainder when 3180 is divided by (-312)/8*-81 - 42/(-6).
14
Let f = 1410 + -1392. Suppose -n - 5*o + 114 = 304, -5*n - 1010 = -5*o. Let s = n + 306. What is the remainder when s is divided by f?
16
Suppose -270*i = -2*f - 269*i + 81, -f - i = -33. Calculate the remainder when 153 is divided by f.
1
Suppose 17*b + 3*h = 12*b + 2042, -b + 418 = -h. What is the remainder when b is divided by 196?
20
Let m = -2311 + 5052. Calculate the remainder when m is divided by 27.
14
Let t = -901 - -963. Calculate the remainder when t is divided by 57.
5
Let n = -190 + 121. Let r = n + 143. Suppose 2*o - 2*h = 70, -5*o = 4*h - 65 - r. What is the remainder when 122 is divided by o?
29
Let w(v) = -2*v**2 - 15*v - 10. Suppose -2*h - 6 - 6 = 0. Suppose s = 2*s - 38. Calculate the remainder when s is divided by w(h).
6
Suppose -1558 = 38*g - 4294. Suppose -326*w = -328*w + g. Calculate the remainder when w is divided by 20.
16
Suppose 127*g = 175*g - 1680. Calculate the remainder when 340 is divided by g.
25
Suppose 10*q + 55 = -k + 5*q, 4*q + 220 = -3*k. Calculate the remainder when 358 is divided by k/(-6)*12/8.
18
Let l(h) = 3*h**3 + 4*h**2 + 3*h + 1. Let s be l(4). Let n = 295 - s. Calculate the remainder when n is divided by (-1)/5 - (-72)/10.
5
Suppose 98 = 15*w - w. Suppose -16*x = -w*x - 126. What is the remainder when 41 is divided by x?
13
Let s(m) = 28*m**2 - 616*m + 50. What is the remainder when 799 is divided by s(22)?
49
Suppose -3*l - 100 = -3*t + 2*t, -2*t + 3*l + 197 = 0. Let m = -140 - t. Let x = -72 - m. What is the remainder when x is divided by 24?
21
Suppose -2*o + 5*o + 3*r = 24, -3*o = -5*r - 16. Let z(s) = 22*s**2 + s + 9. Let n be z(3). Let h = n - 185. What is the remainder when h is divided by o?
4
Let r = 8264 - 8006. What is the remainder when r is divided by 76?
30
Let c(m) = 4*m**2 - 3*m - 2. Let y be -23*(-2)/(-6)*5*-3. Suppose -y = -10*h + 5. Calculate the remainder when c(-3) is divided by h.
7
Let h = 3887 - 3842. What is the remainder when 957 is divided by h?
12
Let o = -17500 - -17588. Calculate the remainder when 334 is divided by o.
70
Calculate the remainder when 5028 is divided by 5/((-20)/(-164)) + 6.
46
Suppose -4*v - 3*h = -819, -2*v = -3*h - 535 + 148. What is the remainder when 990 is divided by v?
186
Let t(i) = -4*i - 84. Let o(a) = 6*a**2 + 16*a + 41. What is the remainder when o(-7) is divided by t(-35)?
55
Suppose 0*n - 104 = -4*y - 2*n, 3*n - 102 = -4*y. What is the remainder when (10 - (-34 + -2)) + 10 + -6 + -6 is divided by y?
17
Let c = 13 - -8. Let a be 0*(14/4 - 4). Suppose a = -4*f - 7 + 23. Calculate the remainder when c is divided by f.
1
Suppose 16*z = 20*z - 396. Let t = z - 192. What is the remainder when 4/10 + t/(-5) is divided by 8?
3
Let n(m) = 10*m + 196. Let u be n(-21). Calculate the remainder when 129 is divided by ((-4)/(-6))/(18/(-81)) - u.
8
Let 